- -14d3?
99c7
In base 5, what is -4 - 100043043322?
-100043043331
In base 16, what is -56ad - -1f?
-568e
In base 8, what is -13542020 + -1?
-13542021
In base 6, what is 1333 - -243033?
244410
In base 7, what is -11036053 + 6?
-11036044
In base 3, what is -11100211212112 + 10?
-11100211212102
In base 4, what is 1323012 - -10133022?
12122100
In base 4, what is -30311101113 - -10?
-30311101103
In base 4, what is 10 - -102201010103330?
102201010110000
In base 4, what is -12003203303000 + -1?
-12003203303001
In base 15, what is -4dda1c + 5?
-4dda17
In base 16, what is 49 + 4d288?
4d2d1
In base 16, what is 57 + ec658?
ec6af
In base 12, what is 1353 - -7038?
838b
In base 8, what is -33467 + 1531?
-31736
In base 7, what is -562232225 + -1?
-562232226
In base 5, what is -2 - -33013000033?
33013000031
In base 8, what is -30006316 - 5?
-30006323
In base 8, what is -1 - 10413261?
-10413262
In base 4, what is 10100 + 11011013221?
11011023321
In base 10, what is 67 + 3317180?
3317247
In base 15, what is -3c20b4dc + -2?
-3c20b4de
In base 4, what is -231 + -1100100321103?
-1100100322000
In base 10, what is 458476 + 693?
459169
In base 4, what is -1002 - -3103?
2101
In base 11, what is -2aa0 + -10137?
-13127
In base 16, what is -3c - -118cf1?
118cb5
In base 12, what is 506 + 552?
a58
In base 10, what is -18798161 + -3?
-18798164
In base 6, what is 40 + -24110004?
-24105524
In base 9, what is 117 + 706013?
706131
In base 11, what is 387225 + -16a?
387066
In base 6, what is -101 - 10142?
-10243
In base 3, what is 20100101 + -2210002?
10120022
In base 13, what is c72880 + -6b?
c72812
In base 5, what is -33030241240 + 1?
-33030241234
In base 15, what is 25c901 - -2d?
25c92e
In base 6, what is -5 + 5534355221?
5534355212
In base 2, what is -1011111111111001 + 1101001100?
-1011110010101101
In base 10, what is 543407797 + -3?
543407794
In base 6, what is 2345533 + -452?
2345041
In base 3, what is 200 - -120012120200?
120012121100
In base 2, what is -110 + 1111111101110111000110?
1111111101110111000000
In base 15, what is 0 - 511709?
-511709
In base 8, what is -23460312 + 6?
-23460304
In base 16, what is -79edd7 - 8?
-79eddf
In base 9, what is -16050 + 3141?
-12808
In base 4, what is -3120 + 103102200120?
103102131000
In base 8, what is -4 + -6012?
-6016
In base 7, what is 2425110322 - -5?
2425110330
In base 14, what is -8b - 59b61?
-59c0c
In base 10, what is 5 + 1412018?
1412023
In base 8, what is -60505613 + -5?
-60505620
In base 7, what is 241053 + 1106?
242162
In base 5, what is -1214130440 - 4?
-1214130444
In base 4, what is -111131021200 - -222?
-111131020312
In base 15, what is 2 + -3a9049?
-3a9047
In base 12, what is -74b07049 + -1?
-74b0704a
In base 7, what is 10600502 + -1?
10600501
In base 3, what is 120012201021 + -1001121?
120011122200
In base 9, what is 586054 - 28?
586025
In base 12, what is 2522390 - 1?
252238b
In base 14, what is -3 - 965711?
-965714
In base 13, what is ab + 6713c?
6721a
In base 12, what is 45097870 - 3?
45097869
In base 7, what is -3246445 + 44?
-3246401
In base 5, what is -33000 + 332?
-32113
In base 4, what is 1230213312003 - 2?
1230213312001
In base 3, what is 2010 - 2210112212021?
-2210112210011
In base 13, what is 1c38 + -1b43?
c5
In base 8, what is 2714604 - -1022?
2715626
In base 2, what is 10010011001101000010 - -100011?
10010011001101100101
In base 13, what is 5 - -1350cb6b?
1350cb73
In base 16, what is -78ff71 + 1?
-78ff70
In base 4, what is -2100032012013 + 0?
-2100032012013
In base 13, what is 3281 + -32ac?
-2b
In base 10, what is -3 - 17130797?
-17130800
In base 6, what is 104420230 - -1344?
104422014
In base 6, what is 5003455 + 144?
5004043
In base 10, what is -28276901 - 10?
-28276911
In base 16, what is 3555 - -1f6?
374b
In base 13, what is -3178132c6 + 4?
-3178132c2
In base 10, what is -1614 + -6927?
-8541
In base 5, what is -12324344040 - 0?
-12324344040
In base 8, what is 371 - -22271?
22662
In base 2, what is -101101 + -110110101010101100?
-110110101011011001
In base 14, what is -a30 - -1554?
924
In base 9, what is 3 + 312472031?
312472034
In base 2, what is -10101110011101101 + -1001001?
-10101110100110110
In base 7, what is -2 + -522626163?
-522626165
In base 9, what is -7603 - 360?
-8063
In base 2, what is 1101110000110 + 1000101110010?
10110011111000
In base 15, what is -5 + 2ea6b7?
2ea6b2
In base 12, what is -1a65a502 - 0?
-1a65a502
In base 16, what is 2646 - 1194?
14b2
In base 14, what is -34c + 19448a?
19413c
In base 7, what is -304356 - -106?
-304250
In base 6, what is -13251 - -140232?
122541
In base 3, what is 1021102021220 - -121?
1021102022111
In base 10, what is -350681 - -195?
-350486
In base 6, what is -24 + 213514533?
213514505
In base 5, what is 24232144014 - 22?
24232143442
In base 9, what is 766147 + -62?
766075
In base 13, what is 65021b - 0?
65021b
In base 13, what is -5220 + -154?
-5374
In base 11, what is 15723 + -42?
15691
In base 16, what is 303e224 + 0?
303e224
In base 12, what is -14aa0 + -1814?
-166b4
In base 11, what is 488130 - 430?
487800
In base 3, what is 21112 + -10220112100?
-10220020211
In base 9, what is -3 - -6263726?
6263723
In base 4, what is -10003 + -1232013?
-1302022
In base 9, what is 4160078661 + -2?
4160078658
In base 6, what is -21515 - 15023?
-40542
In base 13, what is 5 + 1ac0c993?
1ac0c998
In base 6, what is 2203144 - 24450?
2134254
In base 12, what is 54799 + -11b?
5467a
In base 12, what is -9 + -1460978?
-1460985
In base 14, what is -4d00872d - 0?
-4d00872d
In base 11, what is -6939938 - -1?
-6939937
In base 5, what is 11220204 - -242?
11221001
In base 10, what is -2708449 + 1?
-2708448
In base 9, what is -31 - 16281?
-16322
In base 2, what is 1010110101100011 + 10?
1010110101100101
In base 7, what is -22041214 - -10?
-22041204
In base 16, what is -4 - -be2c5fe?
be2c5fa
In base 14, what is -4 - 1239bd3?
-1239bd7
In base 7, what is 661 + -4004465?
-4003504
In base 2, what is 100 - -1000010001100011001?
1000010001100011101
In base 8, what is -16577 - -3020?
-13557
In base 15, what is 19 - -2d02c6?
2d02e0
In base 9, what is -722 + 541184?
540362
In base 12, what is 2 - -28806b6?
28806b8
In base 15, what is -2 - 4641bd?
-4641c0
In base 8, what is 3 - -52262555?
52262560
In base 6, what is -340530 - -20252?
-320234
In base 3, what is -2010 + -111120010202?
-111120012212
In base 10, what is -40446 + 2986?
-37460
In base 5, what is -220033 + -2303123?
-3023211
In base 11, what is -4160552 - 0?
-4160552
In base 8, what is 625342 + -25?
625315
In base 8, what is -64326 + -34011?
-120337
In base 12, what is 2970016 - 5?
2970011
In base 13, what is -46c5ab + 25?
-46c586
In base 8, what is 51554 - 305?
51247
In base 10, what is -124 - 9124?
-9248
In base 3, what is -2200002 + -100122202221?
-100202110000
In base 11, what is 1 + 138806867?
138806868
In base 2, what is 110110010 + -1101011010011010100?
-1101011001100100010
In base 4, what is 11013 + -320221220?
-320210201
In base 11, what is 58433260 - -1?
58433261
In base 11, what is 216a789 - -15a?
216a938
In base 7, what is 66 + -154552201?
-154552102
In base 3, what is -10 + -10221010221220?
-10221010222000
In base 10, what is -1435 - -151?
-1284
In base 14, what is -1371a + 698?
-13062
In base 13, what is -5 + -212c286?
-212c28b
In base 14, what is 3798 - 227?
3571
In base 12, what is -4344278a - -6?
-43442784
In base 10, what is 3214727 - 114?
3214613
In base 9, what is -2 - 160863657?
-160863660
In base 4, what is 201112130310 + -3?
201112130301
In base 11, what is 3081a - -2514?
33233
In base 2, what is 100110001100011 - 11111010?
100101101101001
In base 14, what is -3c9a4 + 35?
-3c96d
In base 7, what is -103450 - 16125?
-122605
In base 11, what is 2a57a4 - 7?
2a5798
In base 13, what is 1234886 + 2?
1234888
In base 10, what is -33563 + -6895?
-40458
In base 8, what is -3 - -13116416?
13116413
In base 15, what is -5aa + 145?
-465
In base 10, what is -3797999 + 169?
-3797830
In base 14, what is -8511d3 + 8d?
-851144
In base 13, what is -930 + b10?
1b0
In base 5, what is 1422310 + 13212?
1441022
In base 16, what is 4 - -1fa90d?
1fa911
In base 8, what is 5 - -1205276114?
1205276121
In base 5, what is 1024 - 1032?
-3
In base 5, what is -4422442203 + 10?
-4422442143
In base 4, what is -221 - 220110022?
-220110303
In ba